 9
11011864
-3400 (base 10) to base 8
-6510
Convert b297c (base 13) to base 10.
320189
What is -f3d75 (base 16) in base 11?
-622436
Convert -23110444 (base 5) to base 16.
-32897
Convert -131424431 (base 5) to base 4.
-2133322033
What is -941964 (base 11) in base 2?
-101110000110001110001
What is -2423123 (base 7) in base 8?
-1132307
What is -83373 (base 10) in base 13?
-2bc44
What is -49b4a3 (base 12) in base 13?
-330c54
7470322 (base 9) to base 11
2294132
1203544 (base 10) to base 15
18b914
Convert 18a81 (base 14) to base 5.
3444231
What is 22050832 (base 9) in base 4?
220223012132
Convert 1010101010001111110000 (base 2) to base 16.
2aa3f0
What is -140061 (base 11) in base 16?
-35a22
3916cc (base 13) to base 9
2524167
Convert -ae6c (base 16) to base 12.
-21a10
21020020113 (base 4) to base 12
974733
Convert 3611614 (base 7) to base 3.
212012122221
What is 1110110111111110 (base 2) in base 4?
32313332
What is 33975c (base 15) in base 4?
21121011111
-104882 (base 9) to base 4
-33103133
Convert 10001010101010111010 (base 2) to base 11.
358819
What is 1130000203 (base 4) in base 10?
376867
Convert -1b009 (base 16) to base 15.
-22b86
Convert 10011110101100110000 (base 2) to base 6.
21533224
-206921b (base 12) to base 6
-335001235
What is 5e02 (base 16) in base 6?
303230
What is 143482 (base 11) in base 10?
224182
Convert 20133233 (base 5) to base 4.
213132131
Convert 25182 (base 9) to base 12.
9962
Convert 143ab3 (base 14) to base 10.
701837
Convert -1101110101010011 (base 2) to base 4.
-31311103
Convert -36012678 (base 9) to base 11.
-99a4737
1a9656 (base 16) to base 7
20544643
What is -15011543 (base 6) in base 2?
-1111101101101110111
What is 3d1960 (base 15) in base 3?
12112110022100
Convert 294a03 (base 12) to base 14.
1405c7
What is -224531 (base 9) in base 10?
-134569
-2273b (base 16) to base 8
-423473
What is 20112201112 (base 3) in base 4?
133130333
70908 (base 10) to base 3
10121021020
What is 13130212 (base 5) in base 3?
20121101221
Convert -20102011202211 (base 3) to base 13.
-92465b
What is -20d5d (base 15) in base 14?
-29dd5
Convert 47157 (base 11) to base 15.
15279
What is 3c633 (base 14) in base 8?
443625
Convert 1001001010000111100100 (base 2) to base 14.
466c96
106aa6 (base 12) to base 8
775236
Convert -9a412 (base 11) to base 3.
-21101200201
Convert 387186 (base 14) to base 15.
284d9c
What is -2312b (base 15) in base 9?
-180125
-61832 (base 12) to base 11
-87739
Convert -212020021 (base 4) to base 11.
-a7372
What is 130660 (base 13) in base 8?
1576524
-67681 (base 9) to base 16
-afe4
What is 100001001001001100 (base 2) in base 11?
92aa5
What is 2c5160 (base 13) in base 2?
100001011101101100110
What is -1101110001001010000 (base 2) in base 7?
-3556212
What is d088 (base 16) in base 14?
15652
-24051053 (base 7) to base 2
-1000001000000010010100
What is 25452524 (base 7) in base 12?
937bb5
Convert -10010000100111110110001 (base 2) to base 8.
-22047661
-100000000110100111100000 (base 2) to base 13
-1988716
Convert -206901 (base 15) to base 3.
-2220021220001
What is -2200212122 (base 3) in base 2?
-1100111110000110
What is 1243526 (base 7) in base 14?
4314d
Convert -30033220 (base 4) to base 7.
-266134
Convert 462513 (base 7) to base 9.
135240
Convert 13032224 (base 5) to base 7.
1036546
Convert -130243221 (base 7) to base 2.
-11111100101011011101110
What is -1310532 (base 6) in base 15?
-162a5
What is -66523 (base 7) in base 5?
-1013401
What is 72dd6d (base 16) in base 9?
15143160
What is 1727951 (base 13) in base 16?
7270ac
What is 2c17ee (base 15) in base 11?
1226409
Convert -e5899 (base 16) to base 3.
-1202202200200
Convert -7a86a6 (base 13) to base 9.
-5414625
400202321 (base 5) to base 7
16223411
-676401 (base 14) to base 11
-1a8a4a2
Convert -167775 (base 8) to base 3.
-10010021110
Convert 41a23 (base 12) to base 2.
10101000001111011
Convert 149d27 (base 14) to base 11.
451025
Convert 101101011111100011111100 (base 2) to base 9.
24386050
Convert -e2cd (base 15) to base 8.
-135425
-4322140 (base 5) to base 2
-10001111011001100
What is 1111000001010001100 (base 2) in base 13?
143035
What is -44444222 (base 6) in base 9?
-2467065
-2877a3a (base 11) to base 4
-102313023023
Convert 3346032 (base 8) to base 15.
12cdb3
Convert -10110111100101101 (base 2) to base 8.
-267455
Convert -52407030 (base 8) to base 15.
-ea221d
Convert -23104b (base 16) to base 11.
-132a519
20032133 (base 4) to base 5
2034240
Convert 3402232 (base 6) to base 13.
60149
-650ff (base 16) to base 5
-101221301
What is -75b8 (base 14) in base 16?
-4f7e
2206152 (base 9) to base 2
100100001011011001010
Convert 37c98 (base 14) to base 13.
4a440
What is -110100111001010110001 (base 2) in base 15?
-243882
-24320760 (base 8) to base 6
-310355532
What is -c05c (base 14) in base 15?
-9baa
1012103300 (base 4) to base 7
2306414
What is -1086331 (base 9) in base 7?
-5000650
Convert -203a24b (base 14) to base 15.
-1504564
Convert b5427 (base 13) to base 14.
86a81
Convert 2118079 (base 10) to base 2.
1000000101000110111111
Convert 769071 (base 11) to base 4.
10223213330
Convert -15380608 (base 9) to base 15.
-a17a38
-5124 (base 10) to base 5
-130444
Convert 148325 (base 11) to base 10.
230653
2200004 (base 8) to base 9
1088074
What is -10222101011202 (base 3) in base 15?
-2bb34e
What is 754142 (base 10) in base 6?
24055222
-1f8a2 (base 16) to base 3
-20120012200
Convert -115130 (base 8) to base 16.
-9a58
Convert -3243133 (base 5) to base 14.
-165d1
-1201100032 (base 6) to base 16
-cddcb4
-222031301 (base 4) to base 10
-172913
What is 673888 (base 9) in base 10?
403136
What is -13108655 (base 9) in base 6?
-350031205
What is 1025263 (base 7) in base 12?
5bb31
What is 6a820 (base 16) in base 5?
102430011
What is -1fb3dd (base 16) in base 2?
-111111011001111011101
What is -17531065 (base 8) in base 7?
-46632110
216540253 (base 7) to base 2
110010001011001000101110
What is -203029 (base 11) in base 3?
-121120100202
20416652 (base 9) to base 10
9813602
Convert -2042111 (base 8) to base 3.
-1000112011112
What is -17677331 (base 10) in base 9?
-36232658
What is 4420110 (base 5) in base 13?
28949
Convert -9738771 (base 10) to base 9.
-20283066
What is 2017a99 (base 11) in base 2?
1101100111001100001110
-1bfad2 (base 16) to base 3
-10110011100011
10111100010000001100011 (base 2) to base 15
81cb50
Convert 3124316 (base 7) to base 14.
9b0b6
Convert 2410223214 (base 5) to base 12.
1a3a709
-141122035 (base 6) to base 5
-1212404324
Convert 22848134 (base 9) to base 3.
202221122011011
-321133013122 (base 4) to base 16
-e5f1da
What is 10111100011110011100 (base 2) in base 3?
1110012222110
73ad2 (base 16) to base 9
801845
What is -40d2 (base 14) in base 15?
-3490
-1010011101011000010 (base 2) to base 16
-53ac2
What is -9207b (base 13) in base 14?
-6b45b
1016ab (base 16) to base 6
34333215
Convert -29ce5 (base 15) to base 4.
-200312030
-112403442 (base 5) to base 12
-208a59
Convert 3033030 (base 4) to base 13.
6060
-66316 (base 7) to base 16
-40f0
What is 32aa5b (base 14) in base 13?
482a32
4b8449 (base 12) to base 5
304103011
Convert 866a8 (base 13) to base 2.
111011010010000110
Convert 4211508 (base 10) to base 16.
404334
35338100 (base 9) to base 16
1069617
Convert 63692 (base 12) to base 4.
133320032
-47300533 (base 8) to base 10
-10322267
Convert 537166 (base 8) to base 16.
2be76
-10212122223 (base 4) to base 15
-18c4a6
Convert -15144340 (base 6) to base 10.
-527172
-b4783 (base 15) to base 5
-121301243
What is -6ff2 (base 16) in base 12?
-14702
Convert -1070b6 (base 12) to base 10.
-261066
4354336 (base 7) to base 12
219434
Convert 1435353 (base 8) to base 12.
17834b
-100101001111001100010 (base 2) to base 10
-1220194
Convert -2252082 (base 9) to base 6.
-42014245
3770662 (base 8) to base 3
1222002100112
131233023 (base 4) to base 8
355713
What is -479b5 (base 12) in base 15?
-1d8b8
-2053143 (base 6) to base 10
-100503
What is -10633060 (base 8) in base 2?
-1000110011011000110000
-a21373 (base 16) to base 12
-3682a6b
What is -1000110110101011011 (base 2) in base 11?
-188a93
Convert -1651a0 (base 12) to base 15.
-7836c
-120a61 (base 11) to base 14
-4db86
Convert 124441000 (base 6) to base 9.
4563060
-111101111111100011110 (base 2) to base 9
-3735480
175b77 (base 14) to base 7
6664410
Conv